 + 15. Let r = b - f. What is the highest common factor of r and 9?
1
Let q(s) = -s**3 - 4*s**2 + 5*s + 3. Let k be q(-5). Suppose 0 = -l + 2*h + 5, 0*l + k*h - 24 = -2*l. Calculate the highest common factor of 9 and l.
9
Let d(u) = 3*u - 1. Let x(r) = 10*r - 3. Let p(l) = -8*d(l) + 3*x(l). Let o be p(5). Let t = o + -17. Calculate the highest common divisor of t and 60.
12
Let i = -18 - -109. Calculate the highest common factor of i and 13.
13
Let s(k) = 3*k - 3. Let y be s(-5). Let t = 39 + -4. Let h = t + y. Calculate the greatest common factor of h and 51.
17
Let n(q) = -4*q**3 - 10*q**2 + 2. Let h be n(-3). Calculate the highest common factor of 20 and h.
20
Suppose -3*a + 5*o + 34 = -0*a, 4 = o. Calculate the highest common factor of a and 12.
6
Let n(l) = 3*l**2 + 6. Let x be ((-5)/(-10))/(1/(-10)). Let a be n(x). Calculate the greatest common divisor of a and 9.
9
Suppose -c = 3*c - 180. Let a(d) = d + 4. Let o be a(-7). Let m be o/(-12) + 70/8. Calculate the highest common factor of m and c.
9
Let j(z) = z**3 - 9*z**2 - 3*z - 2. Let v(s) = 1. Let l(b) = -j(b) + 3*v(b). Let t be l(9). Calculate the highest common divisor of 16 and t.
16
Let d(i) = i**2 + 3*i - 30. Let s be d(-9). Let b = -10 + 16. What is the highest common divisor of s and b?
6
Let q be (-10)/(-3)*(-9)/(-5). Suppose -4*a - 232 = 232. Let m = -68 - a. What is the highest common factor of q and m?
6
Let g = 50 - 30. Let a = 82 - 22. Calculate the highest common divisor of g and a.
20
Let t be (-3)/9 + 111/9. Calculate the greatest common divisor of t and 36.
12
Suppose -5 = -3*x + 2*o + 17, 2*o + 2 = x. Calculate the highest common divisor of x and 80.
10
Suppose -h = -1 - 2. Let g = h + -2. Let a = g + 6. Calculate the greatest common factor of 56 and a.
7
Let k(l) = -2*l + 6. Let p be k(-13). Calculate the greatest common factor of p and 8.
8
Let w(t) = -34*t - 3. Let j be w(-2). Suppose 0*o - 5*o - 36 = -d, -5*d + 126 = 2*o. Let n be 0/(-2 - 0) + d. What is the greatest common factor of j and n?
13
Let j be (2/(-4))/((-5)/30). Suppose 4*l = -2*d + j*d - 4, -5*l - 5 = -5*d. Suppose -4*y + 68 + 16 = d. Calculate the highest common factor of y and 7.
7
Let o be (2 - 3) + -17 + -3. Let w = 34 + o. Calculate the greatest common divisor of 91 and w.
13
Let w(d) = -5*d - 4. Let z be w(-7). Suppose z - 143 = -4*r. Suppose -r = -2*f - 4*t, -f + 2*t + 6 = 3*f. Calculate the greatest common divisor of 20 and f.
4
Suppose -5*t + 4*h + 145 = 0, t - h = h + 23. Suppose 24 + 4 = 4*d. Let c = d - 4. What is the highest common factor of c and t?
3
Let b(p) = 23*p + 1. Let q = 18 + -17. Let l be b(q). What is the greatest common factor of l and 8?
8
Let p = 4 - 8. Let b be (-6)/p - 3/(-2). Calculate the greatest common factor of 24 and b.
3
Let j = 3 - -1. Suppose -w + 4*y + 4 = 0, 0*w + 5*y - j = -w. Suppose 5*a = -2*u + 265, w*a - 157 - 43 = -4*u. What is the highest common divisor of a and 11?
11
Let v be 8 - (-1)/(1 - 2). Suppose -2 = 2*k, -2*k + v = 3*g - 3. Calculate the greatest common divisor of g and 16.
4
Suppose 0 = -3*y + 4*d + 148, 2*d + 98 = 3*y - 48. Calculate the highest common divisor of 16 and y.
16
Suppose -3*k - f + 24 - 2 = 0, 4*f = 5*k - 14. Suppose 0 = k*m - 4*m - 96. What is the greatest common factor of m and 12?
12
Suppose 4*k - 40 = -k. What is the greatest common factor of 32 and k?
8
Let d(s) = -s**2 + 14*s - 28. Let o be d(10). Calculate the greatest common divisor of o and 36.
12
Suppose 2*i - 35 = -3*i. Let w = 2 + i. Calculate the greatest common factor of 72 and w.
9
Suppose 6 = s + 4. Calculate the highest common factor of 2 and s.
2
Let h = -10 - -11. Calculate the highest common divisor of 20 and h.
1
Suppose 0*y - y = 21. Let u be (36/y)/(4/(-182)). What is the greatest common divisor of u and 13?
13
Let a = 2 + 4. Suppose -a*z = -z - 645. Let w be -1 + z/6*2. What is the highest common divisor of 6 and w?
6
Let u be 8/((12/(-158))/(-3)). Let r be 2/(-12) + u/24. What is the highest common factor of r and 26?
13
Suppose 6 = v - 5. Let y be (60 + 0)/((-4)/10). Let i = y - -227. What is the greatest common factor of i and v?
11
Let w(d) = d + 5. Let v be w(8). Let m(z) = 1 + 3 + 7*z + 2*z**2 - 1. Let u be m(6). Calculate the greatest common factor of u and v.
13
Let i(d) = d**3 + 8*d**2 + 9. Let o be i(-8). Let y be ((-45)/o)/(1/(-7)). What is the greatest common factor of 175 and y?
35
Let w(o) = -o**3 - 9*o**2 - 12*o - 6. Let p be w(-8). Suppose -4*t + 5*m + 171 = 0, -4*m + 25 - 154 = -3*t. What is the greatest common divisor of t and p?
13
Suppose -2*f = -0*f. Let u(b) = b + 3. Let y(g) = -g - 4. Let i(k) = -7*u(k) - 6*y(k). Let s be i(f). Calculate the highest common divisor of s and 33.
3
Let q = -86 - -129. What is the greatest common divisor of q and 129?
43
Let i = -6 + 28. Let g = i + -12. Calculate the highest common divisor of g and 25.
5
Let z(x) = -x**2 - 2*x + 5. Let h be z(-4). Let n be (h + 4)*(2 + 38). What is the greatest common factor of n and 16?
8
Suppose -70 = 5*c - 155. What is the highest common divisor of c and 85?
17
Let x = 18 - 7. Let i(b) = -b**2 + 10*b + 13. Let n be i(x). Suppose -n*j + 25 + 3 = 0. Calculate the greatest common divisor of 112 and j.
14
Let c = 72 + -58. Calculate the highest common factor of 238 and c.
14
Let f = 3 + -4. Let n be 17 - (2 + -2 + f). Suppose 2*k + 88 = 5*m - 8, 3*k - 45 = -3*m. Calculate the highest common factor of m and n.
18
Let g(u) = 36*u**2 + 3*u + 2. Let i be g(-2). Calculate the greatest common factor of 35 and i.
35
Let o(a) = -a**3 + 8*a**2 + 3*a - 12. Let m be o(8). Calculate the greatest common divisor of 36 and m.
12
Suppose 2*i = -2*p + 24, 3*p - 13 = i + 19. Calculate the highest common divisor of p and 88.
11
Suppose 0 = 2*k + 2*q - 40, q - 124 = -5*k + 2*q. Let z be -2 + 4 - (1 - 2). What is the greatest common factor of k and z?
3
Let y = -316 - -541. What is the highest common factor of y and 25?
25
Let a = -19 - -9. Let g(b) = b**3 + 10*b**2 - 3*b + 9. Let j be g(a). What is the greatest common divisor of j and 13?
13
Suppose v = 0, -2*f - 5*v = -f + 167. Let h be 1/3 + f/(-3). Suppose -4*c = c - 40. What is the greatest common factor of c and h?
8
Suppose 5*b - 2*n - 158 = 0, -4*b + 5*n - 59 = -182. Calculate the highest common factor of 96 and b.
32
Suppose 3*j + 183 = p + 3*p, p - 51 = -j. What is the highest common divisor of 120 and p?
24
Let j be -1*2*(-20)/8. Let h be j - (2 + 1) - -8. Let r(t) = -2*t**3 - 6*t**2 - t + 5. Let i be r(-5). What is the highest common divisor of i and h?
10
Let q(u) = u**2 - 4*u - 2. Let s(n) = -n**3 + 3*n**2 + 3*n - 3. Let r be s(3). Let d be q(r). What is the greatest common factor of d and 80?
10
Let l be ((-44)/12)/(2/(-114)). What is the greatest common factor of 19 and l?
19
Let i = 3 + -4. Let y(u) = u**2 + u + 1. Let a be y(i). Calculate the highest common factor of 8 and a.
1
Let k(t) = t**3 + 2*t**2 - 4*t - 2. Let s be k(-3). Let i(p) = -14*p + s + 3 - 5. Let a be i(-1). What is the greatest common factor of a and 104?
13
Suppose -3*z - 3 = -9. Suppose -3*u + 90 = z*u. Let n = -22 - -40. Calculate the greatest common factor of n and u.
18
Suppose 11 = 2*p - 13. What is the greatest common factor of 24 and p?
12
Suppose -3*y = -5*y + 40. Suppose -n + 4*m + 76 = n, -4*m - 46 = -n. Calculate the highest common divisor of y and n.
10
Let p be (1/(-3))/((-3)/18). Suppose p*l - 2 = -0*l. What is the highest common factor of 9 and l?
1
Suppose 4*k = 5*k - 23. Suppose 14*j - 22*j + 2024 = 0. Calculate the greatest common factor of j and k.
23
Suppose 26 = 4*a - 150. Calculate the greatest common factor of a and 66.
22
Let g(n) = n**2 - 23*n + 26. Let r be g(22). What is the greatest common divisor of 20 and r?
4
Let y(i) = i**3 - i**2 - 1. Let c be y(2). Suppose 7 = 4*m - c*m. Suppose 0 = 2*l + 1 - 15. Calculate the greatest common factor of m and l.
7
Suppose 4*f - h = 28, -5*f + h + 42 = -2*h. Let r = -31 - -40. Calculate the greatest common factor of f and r.
3
Let u be 52 + -3 + 4 + 1. What is the highest common factor of 81 and u?
27
Suppose 2*b + b = 12. Suppose 2*y - b*y = 5*j - 94, 5*y = -j + 258. What is the greatest common factor of y and 13?
13
Let o(q) = q**2 + 5*q + 6. Let v be o(-4). Suppose v*r = -8 + 22. Calc